 factors of l.
5
Let f = -11 - -25. Suppose f*x = 10*x + 1296. Suppose -5*n = -296 - x. List the prime factors of n.
2, 31
Suppose -4*h - 2*b + 26344 = -60714, -5*h + 108819 = 3*b. What are the prime factors of h?
2, 3, 907
Let k(m) = -6*m**2 + m + 6. Let u be k(0). What are the prime factors of (21*(-7)/(-98))/(u/736)?
2, 23
Suppose 0 = -2*r + 3*l + 125133, 187725 = -18*r + 21*r + 4*l. What are the prime factors of r?
3, 20857
List the prime factors of 2861/((-4)/(-20)*(-1 + 6/1)).
2861
Suppose 5*l + 76445 = 2*m, 307665 - 40010 = 7*m + 2*l. List the prime factors of m.
3, 5, 2549
Suppose 2*u = 12, 3*n + 113*u - 116*u = 49902. List the prime factors of n.
2, 5, 13
Let v be (10 - (-3 - -11))*(-2)/(-4). List the prime factors of v*7492/12 - (-56)/(-42).
7, 89
Let x(t) = -t**3 + 15*t**2 - 39*t + 37. Let n be x(12). List the prime factors of ((6 - 98) + 6)/(n/(-11)).
2, 11, 43
Let q(a) = a**2 + 12*a + 15. Let y(p) = -p**2 - 11*p - 14. Let h(s) = -4*q(s) - 5*y(s). Let x be h(-5). List the prime factors of (x - 1)*(1 + -179).
2, 89
Suppose 0 = -177*p + 176*p + 4. Suppose p*t + y = 1060, -y - 1316 = 2*t - 7*t. List the prime factors of t.
2, 3, 11
Let x(t) = 10*t + 152. Let u be x(-15). Suppose 5*z = -u*n + 408 - 106, -174 = -3*z - 3*n. What are the prime factors of z?
2, 31
Suppose 221 = 4*k - 17*k. Let f(w) = -7*w + 48. List the prime factors of f(k).
167
Suppose -11*f = -10*f - 12798 - 7442. What are the prime factors of f?
2, 5, 11, 23
Suppose 0 = -5*h - n + 5*n + 259, -h = 5*n - 46. Let b = 53 - h. Suppose b*o + 3*m = 305, o + 3*m - 142 = -2*m. What are the prime factors of o?
157
Suppose -5*h - 39*i + 41*i = -48302, i = 4. List the prime factors of h.
2, 4831
Let n(g) = 237*g**2 - 49*g + 2. What are the prime factors of n(-5)?
2, 1543
Suppose 5*k + 464 = 13*k. Let n = -21 + k. What are the prime factors of n?
37
Suppose -2*m - 12 = 0, 144*j - 139*j + 4*m = 49311. What are the prime factors of j?
3, 11, 13, 23
Suppose -2820 = -3*i - 327. Suppose 3*s = -2*f + i, -5*s + 22 = 7. List the prime factors of f.
3, 137
Suppose 5*o - 27369 = 4151. Suppose 0 = -6*t + 980 + o. What are the prime factors of t?
2, 607
Suppose -30*y + 21 = -23*y. What are the prime factors of (-4 - (-5)/(15/y)) + 341?
2, 13
Let d(j) = j**3 + 7*j**2 - 13*j - 9. Let a be d(-10). Let p be 1 - 1 - a - 2. Suppose 3*r + 0*r - p = 0. What are the prime factors of r?
59
Suppose -32800 = -7*g - 5941. What are the prime factors of g?
3, 1279
Let s(z) = -5*z**3 - 13*z**2 + 20*z - 56. What are the prime factors of s(-22)?
2, 3, 7, 79
Let n be -266*((-9)/(-6) + -2) + -1. Suppose n - 7562 = -10*z. List the prime factors of z.
743
Let q = 16291 + -7951. Suppose 0 = -11*i - 9*i + q. What are the prime factors of i?
3, 139
Let j be -1 + (455 - (5 - 8)). Suppose -454*p = -j*p + 1962. List the prime factors of p.
2, 3, 109
Suppose 479 - 473 = 3*v. Suppose v*w + 2 = 0, -c + 1082 = -w - 2*w. List the prime factors of c.
13, 83
Let u(a) be the second derivative of -a**3/6 + a**2/2 + 18*a. Let x be u(1). Let r(j) = 2*j + 129. What are the prime factors of r(x)?
3, 43
Let a = 415 - 423. List the prime factors of (0 - (-24996)/18)*(-12)/a.
2083
Suppose o = 241 + 225. Let t = 693 - o. What are the prime factors of t?
227
Suppose -3*z = 2*d - 7, 3*z - 7*z + 4*d = -36. Let h(v) = v**3 - v**2 - v + 4. Let p be h(z). What are the prime factors of 0 + p + 4/(-2)?
97
What are the prime factors of 18 - (10 + -91822)/7?
2, 3, 11, 199
Let n = 105 - 101. Suppose -19 = -j - 2*q + 38, -5*j + 341 = -n*q. List the prime factors of j.
5, 13
Let l = 2094 - -4214. What are the prime factors of l?
2, 19, 83
Suppose -5*t + 1330 = g - 527, -5*t - 3*g + 1861 = 0. List the prime factors of (-13)/(7/t*-1).
13, 53
Suppose -95*d = -64*d - 93. Let l = -1 + 6. Suppose d*z = l*z - 326. List the prime factors of z.
163
What are the prime factors of (-20)/14 + 5383382/287?
2, 3, 521
Let a(g) = 261*g**2 + 880*g - 18. What are the prime factors of a(-14)?
2, 13, 1493
Let s(r) = 172*r**3 - 15*r**2 + 31*r + 11. What are the prime factors of s(3)?
7, 659
Suppose 2*r - 246 = -0*r. Let d be r/39 + (-18)/117. Suppose -d*b = -6*b + 273. List the prime factors of b.
7, 13
Let p(l) = 3*l**2 + 2*l - 4. Let i be (-86)/(-6) + 12/18. Suppose 5*a - 5*n = -15, -4*n + i = -5*a - n. What are the prime factors of p(a)?
17
Let z(l) = l**2 - 12*l - 4. Let p be z(12). Let s(g) be the second derivative of -g**5/20 + g**3 + 5*g**2/2 - 6*g. What are the prime factors of s(p)?
3, 5
List the prime factors of 1*(1075/(-860) + (-222365)/(-4)).
2, 3, 5, 17, 109
Let d be (45/(-6))/5 + 147/6. Let w(f) = -2*f + 44. Let m be w(d). What are the prime factors of (-1 - (-9)/3)*(-169)/m?
13
Let l(z) = 117*z**2 + 63*z + 76. What are the prime factors of l(-17)?
2, 61, 269
What are the prime factors of (-11 - -3)/(-4 - (-31538)/7885) - -8?
2, 3, 11, 239
Let d(x) = 368*x**3 - 12*x**2 - 31*x + 117. List the prime factors of d(6).
3, 113, 233
Suppose -j - 609 = -5*q - 164, -4*j = -4*q + 372. Suppose 94*k - 7008 = q*k. What are the prime factors of k?
2, 73
Let j = -30 - -35. Suppose 3*a - 49 = 2*w, -j*a - 28 + 115 = 2*w. Suppose a = 5*b - x - 14, -2*b - 4*x = -30. List the prime factors of b.
7
Let y(v) = 9*v**2 + 169*v - 563. What are the prime factors of y(-67)?
3, 5, 1901
Let x(f) = 9*f - 15. Let b = -11 - -18. Let g be x(b). Let o = -33 + g. List the prime factors of o.
3, 5
Suppose -p - g + 9941 = 0, -p = -443*g + 440*g - 9941. List the prime factors of p.
9941
Suppose x = -4*g + 204, -4*g - 4 = 4*x - 208. Let v be (-3)/(-3) + (9 - 5). Suppose 8*r = v*r + g. What are the prime factors of r?
17
Suppose -42 = -15*v - 6*v. Suppose 2*b + 6*m = 9*m + 397, v*b - 4*m = 400. What are the prime factors of b?
2, 97
Let k = -458 + 209. Let z = k + 1363. List the prime factors of z.
2, 557
Let p be 39/6*(-1)/((-3)/6). Suppose p*d - 10*d - 660 = 0. List the prime factors of d.
2, 5, 11
Let a(d) = d**2 - d. Let q be a(2). Suppose 5*g + 5 = 5*f - 30, -4*g = 4*f + 4. Suppose -133 = -r - 2*w, q*w = f*r - w - 354. List the prime factors of r.
3, 41
Suppose -2405 = -3*t + 2674. Let f = t + -869. Let u = -575 + f. List the prime factors of u.
3, 83
Let r = 49 - 85. Let k = -34 - r. Suppose k = -2*u, -2*n + u + 183 = -0*n. What are the prime factors of n?
7, 13
Suppose -36*p + 44*p = 288. Let r be ((-4)/(-6))/((-2)/(-6)). Suppose -p = -r*z + 46. What are the prime factors of z?
41
Let h(g) = 27*g**2 + 5*g - 168. Let k be h(-17). Suppose 0 = -y - 4, k - 1529 = 5*u - 4*y. List the prime factors of u.
1201
Suppose 9*x + f - 3 = 6*x, -2*x + 5*f + 19 = 0. Suppose 86 = -0*t + x*t. Suppose -t*m - 25 = -44*m. What are the prime factors of m?
5
Let c be (-2)/7 - (-80)/35. Let b(v) = -3*v**2 - 1 - 3*v - 1 - 4 + 8*v**c. What are the prime factors of b(4)?
2, 31
List the prime factors of ((-4)/(-18))/((-18)/(-513))*-3*-727.
19, 727
Let q = -72 + 444. Suppose 3*p + q = 1107. Let l = p - 168. List the prime factors of l.
7, 11
Suppose 5*t - 1576 = 3009. List the prime factors of t.
7, 131
Suppose -27 + 33 = 2*v. Let g be (-8)/((-12)/v) + 0. Suppose -h - g*h = -5*t + 409, 0 = 5*h + 15. List the prime factors of t.
2, 5
Suppose 5*z + 15 = 0, 5*z = -3*g + 158 + 1072. Let t = 874 - g. What are the prime factors of t?
3, 17
Let c be (-12960)/(-21) + 4/(-28). Let r = -112 + c. List the prime factors of r.
5, 101
Suppose -372*p = -370*p - 28. Suppose k + p*k - 6555 = 0. What are the prime factors of k?
19, 23
Let g = -13113 - -23918. What are the prime factors of g?
5, 2161
Let m = 18427 + -18400. Let c = 4 - 11. What are the prime factors of m/(-3)*(c - 10)?
3, 17
Suppose 82 = -6*q - 38. Let l be 13 + -5*4/q. Suppose -3948 = -0*i - l*i. List the prime factors of i.
2, 3, 47
Suppose 0*v = 5*v + i + 4, 0 = v - 4*i - 16. Suppose 0 = 2*m - 5*m + 2*r + 3101, -4*m + 4*r + 4136 = v. List the prime factors of m.
1033
Suppose -5*u - 23215 = -5*s - 2*u, 4630 = s + 2*u. What are the prime factors of s?
2, 5, 29
Let j(c) = c**3 - 9*c**2 - 94*c + 277. What are the prime factors of j(17)?
991
Let f(b) = -16*b + 63. Let r be (-94)/8 + 6/8. What are the prime factors of f(r)?
239
Let z = -25 - -38. Let y(s) = -11*s - 8 + 22*s + z*s + 10*s. List the prime factors of y(8).
2, 3, 11
Let y = 7693 + -5442. What are the prime